-77. Calculate the greatest common divisor of 150 and s.
25
Suppose 2*z - 196 = 2*r, 0 = -2*r + 5*z - 0*z - 211. Let w = r + 53. Let q = -24 - w. Calculate the highest common factor of q and 24.
8
Let a(l) = 479*l - 6. Let w be a(1). Calculate the greatest common divisor of 129 and w.
43
Let b = -362 - -365. Suppose -81 = -4*o - 9. What is the highest common factor of o and b?
3
Let z(w) = -6*w + 1. Let b be z(6). Let v(n) = 19*n + 3. Let x be v(4). Let c = b + x. What is the greatest common divisor of c and 4?
4
Suppose -5*a = 4*c - 29, 2*a - 13*c - 6 = -9*c. Let v = 2 - -3. Suppose 0*x = -w + 4*x + 40, -v*w = -5*x - 200. What is the highest common divisor of a and w?
5
Suppose -309*z - 528 = -311*z. What is the greatest common divisor of z and 99?
33
Let o(d) = -d**2 + 6*d + 2. Let v be o(6). Suppose -45 = y + v*y. Let x be (y/9)/((-2)/12). Calculate the highest common factor of 70 and x.
10
Suppose 3*m + 6 = 3*g, -3*g - 2*g = -4*m - 8. Suppose -t + 0*t = g. Suppose t = y + 3 - 15. What is the highest common divisor of 12 and y?
12
Let c = 58 - 8. Calculate the highest common factor of 5 and c.
5
Suppose 30 = 6*h - 3*h. Let k be 2/((-3)/((-345)/h)). What is the greatest common divisor of 253 and k?
23
Let w(v) = -v**2 - 63*v - 6. Let g be w(-62). What is the highest common divisor of g and 1204?
28
Suppose 108 = 5*x - 3*x. Let k = -174 + 124. Let t be 10/k - (-182)/10. Calculate the highest common divisor of t and x.
18
Suppose u - p - 114 = 0, 363 = 2*u + u + 4*p. Suppose 2*h - 24 = 2*y, y - 2*y = -1. Calculate the highest common factor of u and h.
13
Let i be ((-3)/(-4))/(14/56). Let y(a) = -a + 3. Let w be y(-6). Calculate the highest common divisor of i and w.
3
Let a(n) = -n + 52 - 6 - 9. Let m be a(16). Calculate the greatest common divisor of m and 147.
21
Suppose -68*n = -75*n + 1050. What is the highest common factor of n and 30?
30
Suppose 2*g - 4*i = 4*g - 30, 3*i = 2*g - 37. Let w(h) = -h**2 - 7 - 2*h + 3*h**2 + 0*h**2. Let y be w(4). What is the greatest common factor of g and y?
17
Let l(q) be the second derivative of 2*q - 3*q**2 + 20/3*q**3 + 0. Let d be l(4). Calculate the highest common factor of d and 14.
14
Let z = 966 + -945. What is the greatest common divisor of z and 140?
7
Suppose 2*m + 3*l - 18 + 1 = 0, 3*m - l = 9. Suppose -3*o + m*d + 16 = 0, 11 = 4*o + 3*d + 2*d. What is the highest common divisor of 2 and o?
2
Let p(a) = -21*a + 35. Let h be p(0). What is the greatest common factor of h and 469?
7
Let w = 322 + -311. What is the highest common factor of w and 33?
11
Let t = 6 - 0. Suppose v + 3*y - t = 5, 4*v + y + 11 = 0. Let l be ((-8)/18)/(v/18). What is the highest common factor of 1 and l?
1
Let s(a) = -a**3 - 12*a**2 + 36*a - 6. Let x be s(-15). Suppose q - 3*n = 19, 3*n - n - x = -5*q. Calculate the highest common divisor of q and 225.
25
Let w be 17 + -16 - (0 + 5). Let h be (-14)/(8/(w - 0)). Suppose -h = 5*g - 17. Calculate the highest common factor of 2 and g.
2
Suppose 192 = 8*r - 48. Suppose -4*h = -933 - 1375. Let z = h - 397. What is the greatest common divisor of z and r?
30
Let r(h) = -49*h - 510. Let i be r(-12). What is the greatest common divisor of 806 and i?
26
Suppose 0 = -51*a + 39*a + 12. What is the highest common divisor of 3 and a?
1
Let b = -158 - -342. Suppose -4*o + b - 72 = 0. Calculate the highest common divisor of 4 and o.
4
Let l = -102 - -336. Calculate the highest common divisor of 18 and l.
18
Let i be (3 + 9)/((-99)/(-264)). What is the highest common divisor of i and 432?
16
Let v(o) be the first derivative of -o**4/4 + 4*o**3 - 9*o**2/2 - 5*o - 3. Let n be v(11). What is the greatest common divisor of n and 119?
17
Suppose -7*k = -2*k - 210. What is the greatest common factor of 48 and k?
6
Let t(m) = m**3 + 8*m**2 - 24*m + 20. Let c be t(-10). Calculate the highest common factor of 744 and c.
12
Let g(v) = -30*v. Let j be g(-3). Let f(b) = -b**2 - 4*b + 15. Let n be f(-5). Calculate the highest common factor of n and j.
10
Let k = 103 - 95. Suppose -8*j = -408 + k. What is the highest common divisor of 75 and j?
25
Let w(g) = -7*g - 12. Let p be w(-3). Suppose 30 - 2 = c - 5*m, 5*m - 8 = -c. Let q be (-4 - -2)*c/(-4). What is the greatest common divisor of p and q?
9
Suppose 4*z - 32 = -2*h, h - 38 = -3*z + 3*h. Suppose 4*v - 2*w = 70, v + 55 = 5*v + w. Calculate the highest common divisor of v and z.
5
Let p be 39/(-13)*(-4)/3. Let l = 72 - 36. Suppose 0*w - 3*w + 100 = 2*r, 2*w + l = r. What is the highest common divisor of r and p?
4
Suppose 5*g - 25 = 5. Suppose 2*c - 4*f - g = 18, 45 = 3*c - 3*f. Calculate the greatest common factor of 45 and c.
9
Suppose -5 + 1 = r. Let a = -3 - r. Let s be 46/16 - (6 - (-392)/(-64)). Calculate the greatest common factor of s and a.
1
Suppose 10*z = 6*z. Let t(f) = f + 2. Let u be t(2). Suppose -5 = 2*l + 3*w, 2*l + u*w = -z*w - 10. Calculate the greatest common divisor of 40 and l.
5
Suppose -208*y = -199*y - 144. What is the greatest common factor of 2 and y?
2
Suppose -163*b + 435 = -134*b. Let r(c) = -c**2 + 6*c - 3. Suppose 0 = -2*n + 4. Let w be r(n). What is the highest common factor of w and b?
5
Let g = 111 + 32. What is the highest common factor of 88 and g?
11
Let n be (306/(-4))/(3/(-12)). Let a = n + -141. Let v be (-4)/(-10) + (-365)/(-25). Calculate the highest common divisor of a and v.
15
Let q be (1/3)/((-5)/(-2715)). Suppose 0 = -10*s - q + 1331. What is the greatest common factor of 23 and s?
23
Suppose g + 3*g - 128 = 0. Let b = -20 + g. What is the highest common factor of b and 8?
4
Let c be 2 - (3 + -4) - -474. Let x = -267 + c. Calculate the highest common factor of x and 30.
30
Let n be (7 - (-7 + -13)) + 5. What is the highest common divisor of n and 24?
8
Suppose 0 = -5*u + 167 + 53. Suppose -5*j + 218 = 3*b, 5*b - 3*b = -j + 136. What is the greatest common factor of u and b?
22
Let d(j) = 3*j**2 + 5*j - 2. Let k be 2/(-10) - (-63)/15. Let o be d(k). Suppose -3*a + 27 = 9. Calculate the greatest common divisor of o and a.
6
Suppose -30*h + 29 = -27*h + 4*n, -5*h - 3*n = -41. Let u be (-2)/(-3) - (-38)/6. What is the greatest common factor of u and h?
7
Suppose 9*d + 60 = 3*d. Let p(r) = r**3 + 10*r**2 - 3*r - 6. Let j be p(d). Calculate the greatest common factor of j and 60.
12
Let n be (-2)/((5 - 3)/122). Let j = n - -248. Suppose j = 6*a - 3*a. What is the highest common factor of a and 28?
14
Let j(b) = 54*b - 63. Let r be j(2). What is the highest common divisor of 735 and r?
15
Let y = 254 + -182. What is the highest common divisor of 168 and y?
24
Suppose 6*n = n + m + 20, -5*n = m - 20. Suppose -n*k + 266 = 3*k. Calculate the greatest common factor of k and 342.
38
Suppose 2187 = a - 4*k, -15*a = -17*a + 2*k + 4356. What is the greatest common factor of 58 and a?
29
Suppose -48*n = -54*n + 96. What is the highest common divisor of n and 1424?
16
Suppose 0 = y + 3*y - 480. Suppose 0 = -4*j - 38 + 14. Let q(z) = z**3 + 6*z**2 - 3*z - 3. Let u be q(j). Calculate the greatest common divisor of y and u.
15
Let f(n) = 10*n - 1. Let i(h) = -5*h + 1. Let t(p) = 6*f(p) + 13*i(p). Let g be t(3). Let q be ((-5)/10)/(2/g). Calculate the greatest common factor of 2 and q.
2
Suppose 18*b = b + 17. Suppose -5*v + y = -13, -2*y = -2*v - y + 4. Calculate the greatest common factor of b and v.
1
Let o(w) = -w - 3. Let f be o(-7). Let b = 66 + -94. Let q = f - b. Calculate the highest common factor of 8 and q.
8
Suppose 4*g = 6*g - 208. Let h be (-13)/(-1) - (11 + -11). Calculate the highest common divisor of h and g.
13
Suppose -3*d + 0 + 39 = 0. Suppose -2*b = -3*i - 84, 0 = -5*b - 50*i + 53*i + 201. Calculate the highest common factor of d and b.
13
Let f be (-30)/(((-60)/32)/5). Calculate the greatest common divisor of f and 30.
10
Let o = -393 + 397. Calculate the highest common divisor of o and 27.
1
Suppose 5 - 27 = -h. Suppose 2*n = h - 4. Let v(a) = -a**3 - a**2 + a + 81. Let o be v(0). What is the highest common factor of o and n?
9
Suppose -5*x = -10*x - 5*g + 15, -x - 13 = 5*g. What is the highest common divisor of 77 and x?
7
Let u(w) = w**3 - 10*w**2 + 16*w - 27. Let f be u(11). Calculate the greatest common divisor of 54 and f.
54
Let v be ((-88)/(-10))/(50/125). Let i = v - 17. Calculate the h